{"id":25,"date":"2020-01-22T19:33:19","date_gmt":"2020-01-22T18:33:19","guid":{"rendered":"https:\/\/larp.pihost.org\/?page_id=25"},"modified":"2026-04-05T22:16:34","modified_gmt":"2026-04-05T20:16:34","slug":"kontakt","status":"publish","type":"page","link":"https:\/\/magnolius-larp.de\/index.php\/kontakt\/","title":{"rendered":"OT-Infos"},"content":{"rendered":"<p>Alle wichtigen organisatorischen Informationen findet ihr hier.<!--more--><\/p>\n<p>&nbsp;<\/p>\n<p><!--more-->F\u00fcr <em>Magnolius<\/em> ist es der vierhundert\u00fcnfundneunzigste Jahrestag, f\u00fcr uns als <a href=\"https:\/\/larp.pihost.org\/index.php\/magnolius-orga\/\">Magnolius-Orga<\/a> allerdings der erste. Wir geben unser Bestes, um eine tolle <strong>Akademie-Burg-Con<\/strong> auf die Beine zu stellen. Angesiedelt ist das Setting zwar in der Neuzeit aber in einer ganz eigenen Welt der deutschen Zauberei, in deren Strukturen ihr euch aber sicher schnell zurecht finden werdet. F\u00fcr einen ersten \u00dcberblick, st\u00f6bert einfach ein bisschen auf der Homepage in der Rubrik <a href=\"https:\/\/larp.pihost.org\/index.php\/das-universum\/\">Universum.<\/a><\/p>\n<p><strong>Die Hochschule Magnolius<\/strong> ist in drei H\u00e4user (<a href=\"https:\/\/larp.pihost.org\/index.php\/kwekken\/\">Kwekken<\/a>, <a href=\"https:\/\/larp.pihost.org\/index.php\/feriwizi-seele\/\">Feriwizi<\/a> und <a href=\"https:\/\/larp.pihost.org\/index.php\/firstantan\/\">Firstantan<\/a>) unterteilt, einen Abschluss erreicht man nach Beenden des dritten Schuljahres. Mehr Infos zu <em>Magnolius<\/em> findet ihr au\u00dferdem <a href=\"https:\/\/larp.pihost.org\/index.php\/die-geschichte-der-hochschule\/\">HIER<\/a>.<\/p>\n<p><strong><img loading=\"lazy\" decoding=\"async\" class=\"size-large wp-image-598 aligncenter\" src=\"https:\/\/larp.pihost.org\/wp-content\/uploads\/2020\/01\/old-letters-1082299_1920-1024x683.jpg\" alt=\"\" width=\"993\" height=\"662\" srcset=\"https:\/\/magnolius-larp.de\/wp-content\/uploads\/2020\/01\/old-letters-1082299_1920-1024x683.jpg 1024w, https:\/\/magnolius-larp.de\/wp-content\/uploads\/2020\/01\/old-letters-1082299_1920-300x200.jpg 300w, https:\/\/magnolius-larp.de\/wp-content\/uploads\/2020\/01\/old-letters-1082299_1920-768x512.jpg 768w, https:\/\/magnolius-larp.de\/wp-content\/uploads\/2020\/01\/old-letters-1082299_1920-1536x1025.jpg 1536w, https:\/\/magnolius-larp.de\/wp-content\/uploads\/2020\/01\/old-letters-1082299_1920-386x258.jpg 386w, https:\/\/magnolius-larp.de\/wp-content\/uploads\/2020\/01\/old-letters-1082299_1920.jpg 1920w\" sizes=\"auto, (max-width: 993px) 100vw, 993px\" \/> \u00a0Das Regelwerk<\/strong> richtet sich nach <strong>DKWDDK <\/strong>(<em>Du kannst, was du darstellen kannst<\/em>). Uns ist wichtig, dass ihr eurer Fantasie freien Lauf lassen und eure Charaktere so frei wie m\u00f6glich gestalten k\u00f6nnt. Klassische Charakterb\u00f6gen gibt es in diesem Sinne nicht. Im Verlauf der Anmeldung stellen wir euch lediglich einige Fragen, die euch helfen sollen, sich mit dem Charakter auseinander zu setzen und die uns einen \u00dcberblick \u00fcber unsere Sch\u00fclerschaft gewinnen lassen.<\/p>\n<p>Im Preis inbegriffen sind:<br \/>\n&#8211; Vollverpflegung, 3 Mahlzeiten pro Tag (von Donnerstag Abendessen bis Sonntag Fr\u00fchst\u00fcck)<br \/>\n&#8211; Unterbringung in nach H\u00e4usern sortierten Schlafs\u00e4len, inkl. Bettw\u00e4sche<br \/>\n&#8211; Nutzung der gesamten Kernburg mit Hof<\/p>\n<p>Eine <strong>Teilnahme<\/strong> ist <strong>ab 16 Jahren<\/strong> m\u00f6glich.<\/p>\n<p><a href=\"https:\/\/forms.gle\/bYHBY1FizrbkoiGR9\">&#8212;&gt;HIER<\/a> geht&#8217;s zur Anmeldung und du erreichst uns per Mail unter magnolius.larp@gmail.com.<\/p>\n","protected":false},"excerpt":{"rendered":"<p>Alle wichtigen organisatorischen Informationen findet ihr hier.<\/p>\n","protected":false},"author":2,"featured_media":0,"parent":0,"menu_order":0,"comment_status":"closed","ping_status":"closed","template":"","meta":{"footnotes":""},"class_list":["post-25","page","type-page","status-publish","hentry"],"_links":{"self":[{"href":"https:\/\/magnolius-larp.de\/index.php\/wp-json\/wp\/v2\/pages\/25","targetHints":{"allow":["GET"]}}],"collection":[{"href":"https:\/\/magnolius-larp.de\/index.php\/wp-json\/wp\/v2\/pages"}],"about":[{"href":"https:\/\/magnolius-larp.de\/index.php\/wp-json\/wp\/v2\/types\/page"}],"author":[{"embeddable":true,"href":"https:\/\/magnolius-larp.de\/index.php\/wp-json\/wp\/v2\/users\/2"}],"replies":[{"embeddable":true,"href":"https:\/\/magnolius-larp.de\/index.php\/wp-json\/wp\/v2\/comments?post=25"}],"version-history":[{"count":35,"href":"https:\/\/magnolius-larp.de\/index.php\/wp-json\/wp\/v2\/pages\/25\/revisions"}],"predecessor-version":[{"id":872,"href":"https:\/\/magnolius-larp.de\/index.php\/wp-json\/wp\/v2\/pages\/25\/revisions\/872"}],"wp:attachment":[{"href":"https:\/\/magnolius-larp.de\/index.php\/wp-json\/wp\/v2\/media?parent=25"}],"curies":[{"name":"wp","href":"https:\/\/api.w.org\/{rel}","templated":true}]}}